ermine q(y).
-4
Let f = -9 + 11. Let d(r) = 2*r - 9*r**2 + 8*r**f + 5 - 7*r. Calculate d(-5).
5
Let r(u) = 4 - u - 3*u + 3*u - 10. Determine r(0).
-6
Suppose -5*t = 25, -b - 5*t + 5 = 27. Suppose -s - y = -5, -4*y = s - 5*y - b. Let d(p) = 3*p - 6. Determine d(s).
6
Let n(m) = -222 - 3*m + 222. Suppose -d - 10 = -6*d. What is n(d)?
-6
Let z(u) = 4*u**2 + 8*u + 2. Let k(n) = -n**2 - n. Let l be 2/(-6) - (-4)/(-6). Let c = -14 - -9. Let d(r) = c*k(r) + l*z(r). Give d(4).
2
Let r(z) be the second derivative of 1/20*z**5 - 2*z + 2*z**2 - 1/4*z**4 - 2/3*z**3 + 0. Determine r(4).
4
Let k(r) = -r - 3. Suppose -s + 5 - 2 = 0. Give k(s).
-6
Let x be ((-2)/2)/(1/(-5)). Let m(r) = -9*r - 9. Let d(h) = -6*h - 6. Let n(f) = x*m(f) - 7*d(f). Suppose 0*b + 28 = -14*b. What is n(b)?
3
Let i be (-6)/5*80/24. Let g(m) = m**3 + 4*m**2 + 3. Determine g(i).
3
Let j(c) be the second derivative of 0 - 2*c - 1/3*c**3 + 0*c**2 + 1/24*c**4 - 1/360*c**6 - 1/30*c**5. Let k(u) be the second derivative of j(u). What is k(-3)?
4
Let p = -28 - -28. Let q(y) = y**3 + y + 7. Calculate q(p).
7
Let t = 0 - -7. Let y(f) = -f**3 + 6*f**2 + 8*f - 5. Let w be y(t). Let k(m) = 5*m**w + 0 - m + m**3 + 2 - m**2. What is k(-4)?
6
Let q(h) = 3*h**2 - h**2 + h - 3*h**2. Let t be (12/(-3))/4*-1. What is q(t)?
0
Let u(o) = 7*o + 7. Let m(c) = -c - 1. Let h(x) = 6*m(x) + u(x). Let q be h(1). Let j(k) = 4*k + k**q + k + 3 - k. What is j(-4)?
3
Let h(g) = -g**2 - g**2 + 2*g + 3*g + 4. Let a(b) = b**3 + 7*b**2 - b - 7. Let j be a(-7). Suppose -5*c + c + 16 = j. Give h(c).
-8
Let i(p) be the third derivative of p**6/120 - p**4/12 + p**3/6 + p**2. Suppose h + 2*x = -3*h - 10, x - 1 = 4*h. Let n be h/2*(-1 + -1). Calculate i(n).
0
Suppose -q - 5*v = -22, 3*v - 4 = 8. Let d(m) be the first derivative of -2*m + 1/2*m**4 - m**3 + 1/2*m**2 - 1. Give d(q).
4
Let m = -1 - -8. Let h = m - 13. Let c(a) = -a + 3*a + 0*a + 4. Calculate c(h).
-8
Suppose -3*z + 7 = -8. Let g(s) = 0 - z + 1 + s**2. Suppose -3*v = -8 + 8. Calculate g(v).
-4
Suppose 3*q - 3*y - 18 = 0, 2*q - q + 14 = -4*y. Let m(u) be the second derivative of -u**5/20 + u**4/4 - u**3/3 + 3*u**2/2 - 8*u. Determine m(q).
3
Let x(b) = -1. Let k(i) = 3*i. Let r(d) = k(d) + 4*x(d). What is r(6)?
14
Let y(k) be the first derivative of 1 + 1/3*k**3 - 3*k**2 + 4*k. What is y(3)?
-5
Let a = 5 + -4. Suppose -a + 3 = 4*h + b, -4*b + 8 = h. Let y(p) = p**3 + p**2 - 1. What is y(h)?
-1
Let x(p) be the first derivative of -p**3/3 - 5*p**2/2 - p - 2. Suppose 2 = -v, 0 = -5*w + v - 8 - 10. Let f be x(w). Let c(k) = -k**2 + 3*k + 2. What is c(f)?
2
Let u(o) = -o**3 - 5*o**2 + 5. Suppose -5*y - 18 = 7. Calculate u(y).
5
Let a(v) = 2*v**3 - 3*v**2 - 3*v**3 - v**2 + 11*v + 11 - 5*v**2. Let l be a(-10). Let h(g) = 3*g**2 + g. Give h(l).
4
Let v(f) be the second derivative of -f**5/20 - f**3/6 - 3*f**2 - 2*f + 5. Let z(r) = -r + 2. Let c be z(-4). Suppose c*t = 2*t. What is v(t)?
-6
Let q(s) be the second derivative of -s**4/12 + s**3/3 - 3*s. Let l = -5 + 7. Give q(l).
0
Let i be ((-2)/3)/(3/(-27) + 0). Let l(v) be the first derivative of v**4/4 - 7*v**3/3 + 7*v**2/2 - 2*v - 1. Determine l(i).
4
Let k(w) = 2 - 5 - 2 + w. What is k(0)?
-5
Suppose 0*d = -2*d - 4. Let f(n) = n + 3*n + 1 - n. Calculate f(d).
-5
Let c(a) = 2*a**2 + 7*a + 6. Let b(d) = -d**2 + 5*d + 2. Let s be b(6). Calculate c(s).
10
Let b(s) = s**3 - 4*s**2 - s + 5. Let n be b(4). Let l(h) = 28*h**2 + 13*h - 3. Let d(o) = 19*o**2 + 9*o - 2. Let r(j) = 7*d(j) - 5*l(j). Determine r(n).
-8
Let w = -2 + 6. Let q be ((-5)/w)/((-2)/(-8)). Let i(s) = s**2 + 9*s + 7. Give i(q).
-13
Suppose 2*k = -3*g + 1, 5*g - k = -3*k + 3. Let f(n) be the first derivative of -n**3 - n**2/2 - 3. Determine f(g).
-4
Let b(w) be the second derivative of w**3/6 + 3*w**2/2 - 2*w. Let q be b(-5). Let p be -3*-1*(1 + q). Let x(c) = -c**3 - 3*c**2 - 3*c - 2. Calculate x(p).
7
Let z(l) = 2*l**3 - 3*l - 2. Let c = -42 + 40. Give z(c).
-12
Let n = 6 + -3. Let t(h) = -3*h + 4. Let k(i) = -7*i + 7. Let b(p) = -14*p + 13. Let l(j) = -2*b(j) + 5*k(j). Let v(w) = 2*l(w) - 5*t(w). Determine v(n).
1
Suppose -n = -2*u + 4*n - 13, -u + n = 2. Let s be (9 - 8)*(u + 2). Let v(x) = 2*x. Calculate v(s).
6
Let m(k) = -k**2 - 2*k - 1. Let j be m(-2). Let b(u) be the third derivative of u**4/24 + u**3/6 - u**2. What is b(j)?
0
Let u(b) = -10*b**2 - 9*b + 36. Let j(c) = -2*c**2 - 2*c + 7. Let x(l) = -11*j(l) + 2*u(l). What is x(-4)?
11
Let q(r) = -3*r**2 + 7 + r**3 - 8*r + r + 8*r**2 + 9*r. Suppose 4*o = o - 15. Determine q(o).
-3
Let r(a) = -a**3 + 6*a**2 + 2. Let s be r(6). Let w(c) = 3*c + 4 - s - c. Determine w(-3).
-4
Let r(x) = -x**3 - x**2 + 2*x - 2. Let l(m) = m**2. Let n(k) = l(k) + r(k). Determine n(2).
-6
Let s be ((-6)/(-5))/((-8)/(-20)). Suppose 2*v + 15 = -j, -2*v + 0*j = s*j + 25. Let w(k) = -k**2 - 5*k - 2. Determine w(v).
-2
Let p(y) = -y**3 + 6*y**2 - 4*y - 7. Let g(k) = -k**3 + 8*k**2 + 9*k + 5. Let o be g(9). What is p(o)?
-2
Let a(s) = -s - 2. Let b(c) = -6*c - 22. Let o(q) = -5*a(q) + b(q). What is o(-5)?
-7
Let r(j) = -5 + 4 - 5 + j**2 + 9. What is r(0)?
3
Let f(g) = 5*g - 2. Let w be f(1). Let b(a) = -a**3 + 2*a**2 + 5*a - 3. What is b(w)?
3
Let b(v) = -35*v**3 - 5*v**2 + 5*v - 7. Let n(r) = -17*r**3 - 2*r**2 + 2*r - 3. Let k(z) = -2*b(z) + 5*n(z). Determine k(-1).
14
Let y(k) = 64*k - 31*k - 25*k. Give y(2).
16
Let a(d) = 8*d + d + 2 - 2*d. Let f(j) = -6*j - 3. Let p be (10/(1 - -1))/1. Let w(k) = p*a(k) + 6*f(k). What is w(-5)?
-3
Let z(w) = 6*w - 2*w - w**3 - 2 + 0*w**2 + w + 3*w**2. Calculate z(3).
13
Suppose -2*m - 38 = -6. Let x = m - -39. Suppose -x = 2*p + 5*u, 3*p - 4*u + 4 = -p. Let j(o) = 2*o + 5. Determine j(p).
-3
Let k be 0 - -5*(4 - 3). Let g(f) = -4*f + 6. Determine g(k).
-14
Let v be 2 + 1*(3 - (3 - 3)). Let l(s) = -s**2 + 3*s + 2. Give l(v).
-8
Let y(b) = -4*b + 2 - 7*b + 2*b - b. Calculate y(2).
-18
Let n(p) = p**3 - 4*p**2 - 3*p - 5. Let z(u) = -2*u**2 - 2*u + 5. Let h(r) = -r**2 - 2*r + 4. Let c(d) = 6*h(d) - 5*z(d). Let g be c(-1). Calculate n(g).
5
Let s = -12 + 16. Let q(i) = 2*i - 2. Give q(s).
6
Suppose 4*d + 45 - 17 = 0. Let i(j) = j**3 + 7*j**2 - 2*j - 9. Give i(d).
5
Let f be 1*-1*(10 - 9). Let m(d) = 14*d**2. Calculate m(f).
14
Suppose 12 = d + 4*p, -d = -4*p + 3 + 9. Let g(l) = -5*l**2 + l. Let f(y) = 1 - 4*y**2 - 2 + 5*y**2. Let u(s) = -6*f(s) - g(s). Determine u(d).
6
Let f(n) = -2*n - 11. Let h be f(-8). Let w(i) = 4*i**2 + i**2 + 5*i + 3 + i**2 - h*i**2. Let l(k) = -k**3 + 5*k**2 - 4*k - 3. Let r be l(4). Calculate w(r).
-3
Let i(t) = 2*t - 3. Let b = 46 + -41. Calculate i(b).
7
Let t(y) = -2*y - 4. Suppose -i = -5*i - 36. Let n = 4 + i. Determine t(n).
6
Let c = 4 + -2. Suppose -18 = -4*g + c. Let p(t) = -t + 2 + 3 + 6*t - t**2. What is p(g)?
5
Let z(k) be the third derivative of k**4/24 - k**3/3 - k**2. Let r = 17 + -12. Determine z(r).
3
Let o(h) = -h**3 - 1. Suppose -4*p = 3*t - 14, 2*t - 5*t = -p - 4. What is o(t)?
-9
Let i(w) = w**2 + 4*w + 4. Let t be (12/(-9))/((-2)/(-9)). Give i(t).
16
Let f(d) = -d**2 + 10*d - 1. Suppose -3*q + 2*q = -4. Calculate f(q).
23
Let k(r) = r**2 + 8 - 15 - 4*r + 6. Give k(2).
-5
Let z(i) = -i + 1. Let t(s) = -s**3 + 7*s**2 - 11*s + 4. Suppose 14 = 5*g - 11. Let u(b) = g*z(b) - t(b). Give u(6).
1
Let p = 22 - 22. Let i be 3 + -2 - 2/(-2). Let b(y) = -5 + y - i*y + 2*y. Determine b(p).
-5
Let p be (1 + 14)*(0 - -1). Suppose 0 = t - 5*t + y + 15, -3*t + p = -2*y. Let j(q) = -2*q. Give j(t).
-6
Let s = 24 + -32. Let n(f) = f + 7. Give n(s).
-1
Let b(v) be the first derivative of v**5/20 + v**4/3 - v**3 - 5*v**2/2 + 10*v + 1. Let l(t) be the first derivative of b(t). Give l(-5).
0
Let r(k) = -k**2 - 4*k - 1. Let p be 1/5 - 22/10. Let h = -3 + p. What is r(h)?
-6
Let u(v) = -v**3 - 4*v**2 + 2*v - 3. Suppose 3*n - 2*w = -18, -6*n + 3*n - 4*w = 0. Determine u(n).
-11
Let h(w) = -w**2 + 5*w + 1. Let r be h(4). Let t(m) = 3*m**2 - r*m**2 - 2*m + 6*m - 2 - 1. What is t(2)?
-3
Let n(j) = 4*j**3. Suppose -13*u + 6 = -11*u. Suppose -3 + 0 = -u*d. What is n(d)?
4
Suppose 1 = -s + b, 0*s = -5*s - 2*b + 30. Let i(c) be the third derivative of -c**4/12 + c**3/3 - 13*c**2. Calculate i(s).
-6
Suppose x + 5*p + 27 = 0, 2*p - 3*p = 3. Let q = -12 - x. Let u(z) = -z - 9. Give 